{"version":"1.0","provider_name":"Weiku","provider_url":"https:\/\/weiku.com.br\/es\/","author_name":"Mateus Fernandes","author_url":"https:\/\/weiku.com.br\/es\/author\/mateus\/","title":"Lanzamientos Weiku en Expo Revestir 2022 - Weiku","type":"rich","width":600,"height":338,"html":"<blockquote class=\"wp-embedded-content\" data-secret=\"JB3tV4HzYx\"><a href=\"https:\/\/weiku.com.br\/es\/lanzamientos-weiku-en-expo-revestir-2022\/\">Lanzamientos Weiku en Expo Revestir 2022<\/a><\/blockquote><iframe sandbox=\"allow-scripts\" security=\"restricted\" src=\"https:\/\/weiku.com.br\/es\/lanzamientos-weiku-en-expo-revestir-2022\/embed\/#?secret=JB3tV4HzYx\" width=\"600\" height=\"338\" title=\"\u00abLanzamientos Weiku en Expo Revestir 2022\u00bb \u2014 Weiku\" data-secret=\"JB3tV4HzYx\" frameborder=\"0\" marginwidth=\"0\" marginheight=\"0\" scrolling=\"no\" class=\"wp-embedded-content\"><\/iframe><script>\n\/*! This file is auto-generated *\/\n!function(d,l){\"use strict\";l.querySelector&&d.addEventListener&&\"undefined\"!=typeof URL&&(d.wp=d.wp||{},d.wp.receiveEmbedMessage||(d.wp.receiveEmbedMessage=function(e){var t=e.data;if((t||t.secret||t.message||t.value)&&!\/[^a-zA-Z0-9]\/.test(t.secret)){for(var s,r,n,a=l.querySelectorAll('iframe[data-secret=\"'+t.secret+'\"]'),o=l.querySelectorAll('blockquote[data-secret=\"'+t.secret+'\"]'),c=new RegExp(\"^https?:$\",\"i\"),i=0;i<o.length;i++)o[i].style.display=\"none\";for(i=0;i<a.length;i++)s=a[i],e.source===s.contentWindow&&(s.removeAttribute(\"style\"),\"height\"===t.message?(1e3<(r=parseInt(t.value,10))?r=1e3:~~r<200&&(r=200),s.height=r):\"link\"===t.message&&(r=new URL(s.getAttribute(\"src\")),n=new URL(t.value),c.test(n.protocol))&&n.host===r.host&&l.activeElement===s&&(d.top.location.href=t.value))}},d.addEventListener(\"message\",d.wp.receiveEmbedMessage,!1),l.addEventListener(\"DOMContentLoaded\",function(){for(var e,t,s=l.querySelectorAll(\"iframe.wp-embedded-content\"),r=0;r<s.length;r++)(t=(e=s[r]).getAttribute(\"data-secret\"))||(t=Math.random().toString(36).substring(2,12),e.src+=\"#?secret=\"+t,e.setAttribute(\"data-secret\",t)),e.contentWindow.postMessage({message:\"ready\",secret:t},\"*\")},!1)))}(window,document);\n\/\/# sourceURL=https:\/\/weiku.com.br\/wp-includes\/js\/wp-embed.min.js\n<\/script>\n","thumbnail_url":"https:\/\/weiku.com.br\/wp-content\/uploads\/2022\/03\/exporevestir_2022-1-1.jpg","thumbnail_width":3501,"thumbnail_height":1406,"description":"Con m\u00e1s de 20 a\u00f1os de experiencia en el mercado de arquitectura y construcci\u00f3n, Weiku do Brasil particip\u00f3 por quinta vez en Expo Revestir, en S\u00e3o Paulo. En 2022, la empresa present\u00f3 grandes apuestas de la marca para el sector. En esta edici\u00f3n, entre las novedades, las puertas pivotantes de Projetta by Weiku, que llegan [&hellip;]"}

Con más de 20 años de experiencia en el mercado de arquitectura y construcción, Weiku do Brasil participó por quinta vez en Expo Revestir, en São Paulo. En 2022, la empresa presentó grandes apuestas de la marca para el sector. En esta edición, entre las novedades, las puertas pivotantes de Projetta by Weiku, que llegan [&hellip;]
