{"version":"1.0","provider_name":"Weiku","provider_url":"https:\/\/weiku.com.br\/es\/","author_name":"Mateus Fernandes","author_url":"https:\/\/weiku.com.br\/es\/author\/mateus\/","title":"Capacitaci\u00f3n Weiku: un espacio dedicado a la profesionalizaci\u00f3n - Weiku","type":"rich","width":600,"height":338,"html":"<blockquote class=\"wp-embedded-content\" data-secret=\"hHKmwz1j7V\"><a href=\"https:\/\/weiku.com.br\/es\/capacitacion-weiku-un-espacio-dedicado-a-la-profesionalizacion\/\">Capacitaci\u00f3n Weiku: un espacio dedicado a la profesionalizaci\u00f3n<\/a><\/blockquote><iframe sandbox=\"allow-scripts\" security=\"restricted\" src=\"https:\/\/weiku.com.br\/es\/capacitacion-weiku-un-espacio-dedicado-a-la-profesionalizacion\/embed\/#?secret=hHKmwz1j7V\" width=\"600\" height=\"338\" title=\"\u00abCapacitaci\u00f3n Weiku: un espacio dedicado a la profesionalizaci\u00f3n\u00bb \u2014 Weiku\" data-secret=\"hHKmwz1j7V\" frameborder=\"0\" marginwidth=\"0\" marginheight=\"0\" scrolling=\"no\" class=\"wp-embedded-content\"><\/iframe><script>\n\/*! This file is auto-generated *\/\n!function(d,l){\"use strict\";l.querySelector&&d.addEventListener&&\"undefined\"!=typeof URL&&(d.wp=d.wp||{},d.wp.receiveEmbedMessage||(d.wp.receiveEmbedMessage=function(e){var t=e.data;if((t||t.secret||t.message||t.value)&&!\/[^a-zA-Z0-9]\/.test(t.secret)){for(var s,r,n,a=l.querySelectorAll('iframe[data-secret=\"'+t.secret+'\"]'),o=l.querySelectorAll('blockquote[data-secret=\"'+t.secret+'\"]'),c=new RegExp(\"^https?:$\",\"i\"),i=0;i<o.length;i++)o[i].style.display=\"none\";for(i=0;i<a.length;i++)s=a[i],e.source===s.contentWindow&&(s.removeAttribute(\"style\"),\"height\"===t.message?(1e3<(r=parseInt(t.value,10))?r=1e3:~~r<200&&(r=200),s.height=r):\"link\"===t.message&&(r=new URL(s.getAttribute(\"src\")),n=new URL(t.value),c.test(n.protocol))&&n.host===r.host&&l.activeElement===s&&(d.top.location.href=t.value))}},d.addEventListener(\"message\",d.wp.receiveEmbedMessage,!1),l.addEventListener(\"DOMContentLoaded\",function(){for(var e,t,s=l.querySelectorAll(\"iframe.wp-embedded-content\"),r=0;r<s.length;r++)(t=(e=s[r]).getAttribute(\"data-secret\"))||(t=Math.random().toString(36).substring(2,12),e.src+=\"#?secret=\"+t,e.setAttribute(\"data-secret\",t)),e.contentWindow.postMessage({message:\"ready\",secret:t},\"*\")},!1)))}(window,document);\n\/\/# sourceURL=https:\/\/weiku.com.br\/wp-includes\/js\/wp-embed.min.js\n<\/script>\n","thumbnail_url":"https:\/\/weiku.com.br\/wp-content\/uploads\/2021\/08\/treinamento-weiku-1-2.jpg","thumbnail_width":1024,"thumbnail_height":736,"description":"Hola amigos de la comunidad Weiku, hoy vamos a hablar sobre nuestro nuevo Centro de Capacitaci\u00f3n, un espacio totalmente dedicado a la formaci\u00f3n de nuestros profesionales. El nuevo centro de capacitaci\u00f3n est\u00e1 ubicado en la sede principal, en Pomerode, donde, durante una semana, los equipos t\u00e9cnicos de Weiku do Brasil reciben clases pr\u00e1cticas y te\u00f3ricas [&hellip;]"}

Capacitación Weiku: un espacio dedicado a la profesionalización - Weiku

<blockquote class="wp-embedded-content" data-secret="hHKmwz1j7V"><a href="https://weiku.com.br/es/capacitacion-weiku-un-espacio-dedicado-a-la-profesionalizacion/">Capacitación Weiku: un espacio dedicado a la profesionalización</a></blockquote><iframe sandbox="allow-scripts" security="restricted" src="https://weiku.com.br/es/capacitacion-weiku-un-espacio-dedicado-a-la-profesionalizacion/embed/#?secret=hHKmwz1j7V" width="600" height="338" title="«Capacitación Weiku: un espacio dedicado a la profesionalización» — Weiku" data-secret="hHKmwz1j7V" frameborder="0" marginwidth="0" marginheight="0" scrolling="no" class="wp-embedded-content"></iframe><script>
/*! This file is auto-generated */
!function(d,l){"use strict";l.querySelector&&d.addEventListener&&"undefined"!=typeof URL&&(d.wp=d.wp||{},d.wp.receiveEmbedMessage||(d.wp.receiveEmbedMessage=function(e){var t=e.data;if((t||t.secret||t.message||t.value)&&!/[^a-zA-Z0-9]/.test(t.secret)){for(var s,r,n,a=l.querySelectorAll('iframe[data-secret="'+t.secret+'"]'),o=l.querySelectorAll('blockquote[data-secret="'+t.secret+'"]'),c=new RegExp("^https?:$","i"),i=0;i<o.length;i++)o[i].style.display="none";for(i=0;i<a.length;i++)s=a[i],e.source===s.contentWindow&&(s.removeAttribute("style"),"height"===t.message?(1e3<(r=parseInt(t.value,10))?r=1e3:~~r<200&&(r=200),s.height=r):"link"===t.message&&(r=new URL(s.getAttribute("src")),n=new URL(t.value),c.test(n.protocol))&&n.host===r.host&&l.activeElement===s&&(d.top.location.href=t.value))}},d.addEventListener("message",d.wp.receiveEmbedMessage,!1),l.addEventListener("DOMContentLoaded",function(){for(var e,t,s=l.querySelectorAll("iframe.wp-embedded-content"),r=0;r<s.length;r++)(t=(e=s[r]).getAttribute("data-secret"))||(t=Math.random().toString(36).substring(2,12),e.src+="#?secret="+t,e.setAttribute("data-secret",t)),e.contentWindow.postMessage({message:"ready",secret:t},"*")},!1)))}(window,document);
//# sourceURL=https://weiku.com.br/wp-includes/js/wp-embed.min.js
</script>

Hola amigos de la comunidad Weiku, hoy vamos a hablar sobre nuestro nuevo Centro de Capacitación, un espacio totalmente dedicado a la formación de nuestros profesionales. El nuevo centro de capacitación está ubicado en la sede principal, en Pomerode, donde, durante una semana, los equipos técnicos de Weiku do Brasil reciben clases prácticas y teóricas [&hellip;]
